 1272. What is q(36)?
60
Let m(c) = -3*c**3 + 208*c**2 - 24*c - 3275. What is m(69)?
-170
Let z(k) = 11346*k - 3103. What is z(1)?
8243
Let x(w) = -2*w**3 - 318*w**2 - 322*w + 1114. What is x(-158)?
2062
Let p(f) = -f**3 - 10*f**2 + 1854*f + 16761. What is p(-9)?
-6
Let w(q) = 20*q**3 + 536*q**2 - 107*q + 27. Calculate w(-27).
0
Let b(h) = -2*h**3 + 505*h**2 + 20122*h - 85. What is b(-35)?
20
Let i(s) = 9*s**2 - 520*s + 941. Calculate i(56).
45
Let g(q) = -q**3 - 30*q**2 - 200*q + 200. Determine g(-19).
29
Let r(c) = -791*c**2 + 14278*c - 74. What is r(18)?
646
Let a(g) = -g**2 + 1351*g - 21400. Calculate a(16).
-40
Let j(g) = 17424*g + 141965. Give j(-8).
2573
Let h(c) = 3402*c + 915186. Give h(-269).
48
Let n(q) = 2*q**3 - 3625*q**2 - 1911*q + 177675. What is n(1813)?
1
Let q(u) = -3*u**3 - 103*u**2 + 51*u - 645. Give q(-35).
20
Let d(q) = -q**3 + 110*q**2 - 29*q - 8455. Determine d(109).
265
Let i(d) = -d**3 - 9*d**2 + 5*d - 267. Give i(-13).
344
Let k(n) = -2*n**2 + 3347*n - 36600. Give k(11).
-25
Let h(l) = -l**3 - 25*l**2 + 69*l + 146. What is h(-29)?
1509
Let c(s) = -2*s**3 - 123*s**2 + 461*s + 393. Give c(-65).
3
Let c(j) = -5*j**3 - 108*j**2 - 317*j + 29. Give c(-12).
-3079
Let h(b) = -265*b - 263. Calculate h(-5).
1062
Let f(w) = 3430*w + 13439. Determine f(-4).
-281
Let b(d) = d**2 + 2753*d - 55442. What is b(20)?
18
Let y(m) = -3307*m - 148765. Give y(-45).
50
Let w(b) = b**2 + 2007*b + 84469. Give w(-43).
17
Let y(l) = 150*l - 5664. Calculate y(42).
636
Let s(j) = 40*j**3 - 646*j**2 + 97*j + 14. What is s(16)?
30
Let x(i) = -i**2 + 8*i + 1281. Give x(45).
-384
Let w(i) = -349107*i - 349096. What is w(-1)?
11
Let j(g) = 950*g - 23633. Calculate j(25).
117
Let k(h) = h**3 - 7*h**2 - 43*h - 253. What is k(16)?
1363
Let p(z) = 182*z + 18094. Determine p(-88).
2078
Let f(d) = d**3 + 18*d**2 + 86*d + 75. Determine f(-11).
-24
Let u(q) = 7267*q - 741231. What is u(102)?
3
Let l(f) = -2*f**2 + 222*f + 1680. What is l(-7)?
28
Let i(f) = -f**3 - 311*f**2 + 33636*f - 9507. Calculate i(-396).
-3
Let p(r) = -124*r**2 + 628*r + 4483. Determine p(-4).
-13
Let s(u) = -u**3 + 1207*u**2 + 10967*u - 35. What is s(-9)?
-242
Let b(o) = 992*o**3 - 58*o + 60. What is b(1)?
994
Let y(i) = 11*i - 1679. Calculate y(122).
-337
Let g(h) = -h**3 + 1479*h**2 - 175360*h - 1300. What is g(130)?
0
Let s(q) = -49629*q + 1439254. Determine s(29).
13
Let q(f) = -666355*f + 5330863. What is q(8)?
23
Let r(w) = w**3 - 54*w**2 + 8*w + 2108. Give r(53).
-277
Let w(c) = 34*c**2 + 43*c - 231. What is w(4)?
485
Let n(x) = -38*x**3 + x**2 + 938*x + 936. Give n(-1).
37
Let c(p) = -p**3 + 47*p**2 + 653*p + 892. What is c(-10)?
62
Let p(s) = -1327*s - 950145. Give p(-716).
-13
Let i(r) = -2*r**3 - 19*r**2 + 589*r + 5895. What is i(-10)?
105
Let t(j) = -15314*j - 76577. Give t(-5).
-7
Let k(i) = -4995*i + 14861. What is k(3)?
-124
Let r(a) = -10*a**2 - 518*a - 6658. Calculate r(-23).
-34
Let g(o) = -12*o**3 + 512*o**2 + 169*o + 125. Calculate g(43).
-4
Let p(b) = 29267*b + 380473. Determine p(-13).
2
Let y(i) = 5*i**3 + 1508*i**2 - 1000*i - 119595. What is y(-302)?
-3
Let a(d) = -9612*d - 547877. Determine a(-57).
7
Let q(d) = 17097*d + 85303. Give q(-5).
-182
Let t(g) = g**3 - 18*g**2 + 453*g - 7424. Determine t(17).
-12
Let r(n) = -5168*n + 15510. Determine r(3).
6
Let i(q) = 182305*q + 2005340. Calculate i(-11).
-15
Let c(j) = 120*j**2 - 9957*j + 316. Give c(83).
565
Let b(i) = -37*i**2 - 378*i + 5137. Calculate b(13).
-6030
Let l(s) = -s**3 - 180*s**2 - 1195*s + 4270. Give l(-173).
1502
Let f(w) = -2*w**3 + 386*w**2 + 406*w - 3472. What is f(194)?
20
Let m(h) = -9661*h + 115957. What is m(12)?
25
Let x(k) = 3*k**3 + 114*k**2 - 136*k - 9249. What is x(-37)?
-110
Let f(x) = 4*x**3 + 216*x**2 - 4093*x + 3214. What is f(-69)?
-29
Let g(m) = 2*m**3 - 160*m**2 + 905*m - 1313. Give g(74).
-55
Let l(r) = -6*r**2 - 79*r - 246. Calculate l(-3).
-63
Let r(c) = 36*c**2 + 7600*c + 779. Give r(-211).
-65
Let d(v) = 2*v**3 + 26*v**2 + 82*v - 75. Give d(-20).
-7315
Let x(p) = 2*p**3 - 255*p**2 - 432*p + 5771. Give x(129).
-34
Let j(k) = -k**3 + 38*k**2 - 109*k - 178. What is j(35)?
-318
Let a(j) = -30*j**2 - 688*j + 4169. Give a(5).
-21
Let v(k) = 130837*k + 1046681. What is v(-8)?
-15
Let r(o) = 78840*o - 2759403. Calculate r(35).
-3
Let u(h) = -h**3 + 251*h**2 + 2361*h - 5494. Calculate u(260).
-34
Let y(c) = -6558*c - 53097. Calculate y(-8).
-633
Let r(d) = 4389*d + 17407. What is r(-4)?
-149
Let p(x) = x**3 - 40*x**2 - 253*x + 12084. What is p(40)?
1964
Let y(j) = j**3 + 57*j**2 + 1057*j + 6657. Calculate y(-27).
-12
Let i(a) = -20*a + 1817. Determine i(142).
-1023
Let f(z) = -114*z**2 + 71475*z + 1922. Calculate f(627).
41
Let j(a) = a**3 + 32*a**2 + 197*a - 64. Calculate j(-9).
26
Let m(z) = -1509*z - 27195. Give m(-18).
-33
Let m(n) = 69077*n - 16. Determine m(0).
-16
Let i(d) = -34*d**2 - 17*d + 183. What is i(5)?
-752
Let o(x) = x**2 - 139*x - 8692. Determine o(-44).
-640
Let y(u) = 263*u + 19801. What is y(-76)?
-187
Let c(u) = -u**3 + 124*u**2 - 3269*u + 216. What is c(86)?
130
Let a(x) = x**2 + 431*x - 65. Give a(0).
-65
Let p(d) = -d**3 + 191*d**2 - 5408*d + 10980. What is p(157)?
-10
Let m(h) = 185*h - 8612. What is m(51)?
823
Let w(v) = -v**2 - 795*v + 636747. Calculate w(494).
-19
Let v(m) = -109*m**2 + 40327*m + 1111. Determine v(370).
1
Let l(j) = -3*j**2 + 136*j + 13739. Give l(94).
15
Let q(f) = -2344*f + 365. What is q(1)?
-1979
Let s(v) = -v**3 - 148*v**2 + 160*v + 1640. Give s(-149).
1
Let x(l) = -256*l + 50730. Give x(198).
42
Let p(s) = 818*s - 2221. Calculate p(2).
-585
Let u(g) = 4*g**2 + 640*g - 68042. Determine u(73).
-6
Let i(s) = -3272*s - 382945. Calculate i(-117).
-121
Let y(x) = -24599*x + 4649200. Determine y(189).
-11
Let g(r) = -1212*r**2 + 192727*r - 3013. Calculate g(159).
8
Let p(i) = -1122*i + 71966. Calculate p(62).
2402
Let j(s) = 7185*s - 57468. Give j(8).
12
Let q(i) = -19*i**2 - 2370*i + 16590. Calculate q(7).
-931
Let a(z) = -z**3 - 23*z**2 - 19*z - 314. Give a(-22).
-380
Let j(g) = -22607*g + 67834. Give j(3).
13
Let i(s) = -2*s**2 - 16*s + 593. What is i(-23)?
-97
Let m(s) = 21*s**2 + 1275*s + 320. What is m(-60)?
-580
Let u(g) = -4*g**2 + 289*g - 7581. Calculate u(38).
-2375
Let q(u) = u**2 + 707*u + 124936. Give q(-359).
4
Let m(o) = 12424*o + 3441453. Calculate m(-277).
5
Let u(k) = -k**3 + 14*k**2 + 56*k - 20. Give u(18).
-308
Let o(i) = 10*i**2 + 2565*i - 12938. Give o(5).
137
Let i(u) = -2*u**2 + 30*u + 29898. Determine i(-115).
-2
Let b(n) = 703*n + 42170. Calculate b(-60).
-10
Let h(q) = q**3 + 4322*q**2 - 7246385*q + 2580. Calculate h(1291).
-2
Let r(o) = -946*o - 19727. Calculate r(-21).
139
Let i(n) = n**3 - 78*n**2 + 1065*n + 886. Give i(19).
-178
Let b(y) = -510*y + 1983. Give b(4).
-57
Let t(q) = -q**3 - 34*q**2 - 239*q - 151. Calculate t(-25).
199
Let n(y) = 684677*y - 102016874. Calculate n(149).
-1
Let z(y) = 670*y + 6512. Calculate z(-10).
-188
Let d(l) = 2*l**2 - 111*l + 2075. What is d(24)?
563
Let q(n) = -n**3 - 112*n**2 + 34900*n + 2758. Determine q(-251).
-3
Let y(z) = -6*z**2 - 1344*z - 237. Determine y(0).
-237
Let i(p) = -3034*p**2 + 2374*p + 660. Calculate i(1).
0
Let c(m) = -m**3 + 23*m**2 - 275*m + 3625. Calculate c(18).
295
Let u(t) = 2*t**3 + 189*t**2 + 95*t + 18016. Determine u(-95).
-34
Let h(a) = a**3 - 66*a**2 + 16*a + 3366. Give h(65).
181
Let h(o) = 3*o**2 + 1697*o - 17057. Determine h(10).
213
Let u(r) = r**3 - 59*r - 477. Determine u(-11).
-1159
Let h(k) = 10*k**2 + 76*k + 60. Give h(-6).
-36
Let f(l) = -l**2 + 2119*l - 25256. Calculate f(12).
28
Let z(x) = 181*x - 9803. Calculate z(55).
152
Let u(a) = 771*a - 84818. Determine u(110).
-8
Let s(q) = 9*q**3 - 5*q**2 - 53*q - 165. What is s(-3)?
-294
Let t(p) = -11*p**2 + 2626*p + 289288. Give t(-82).
-8
Let o(a) = a**3 - 7*a**2 - 360*a - 886. Calculate o(-14).
38
Let k(i) = -66897*i + 668980. Give k(10).
10
Let s(z) = -41643*z - 166448. Determine s(-4).
124
Let j(b) = -b**3 - 289*b**2 - 8182*b - 2550323. What is j(-291)?
1
Let l(x) = 55*x**3 + 15*x**2 - 122*x + 107. Determine l(1).
55
Let m(q) = -q**3 + 22*q**2 - 67*q - 90. Determine m(18).
0
Let u(n) = 4703*n - 29404. Give u(7).
3517
Let u(p) = -p**3 - 4*p**2 + 98*p - 719. What is u(-14)?
-131
Let k